oes 204 divide 17544?
True
Is 28 a factor of 5318?
False
Is 60 a factor of 27017?
False
Is 20 a factor of 2980?
True
Is 4293 a multiple of 9?
True
Is 41 a factor of 13038?
True
Is 14 a factor of 238?
True
Does 21 divide 147?
True
Does 7 divide 963?
False
Does 42 divide 4704?
True
Is 3793 a multiple of 17?
False
Is 963 a multiple of 23?
False
Does 13 divide 442?
True
Is 13 a factor of 2324?
False
Is 7574 a multiple of 22?
False
Is 1676 a multiple of 35?
False
Is 1880 a multiple of 94?
True
Does 2 divide 45?
False
Is 255 a multiple of 5?
True
Does 68 divide 39508?
True
Is 31793 a multiple of 12?
False
Is 9 a factor of 1184?
False
Is 5995 a multiple of 77?
False
Is 63 a factor of 11328?
False
Is 70 a factor of 61320?
True
Does 35 divide 8960?
True
Is 555 a multiple of 3?
True
Is 10 a factor of 333?
False
Does 90 divide 39060?
True
Does 166 divide 54614?
True
Does 68 divide 1459?
False
Is 16898 a multiple of 34?
True
Is 49 a factor of 3409?
False
Is 12 a factor of 4677?
False
Is 48 a factor of 2944?
False
Does 11 divide 15796?
True
Is 1770 a multiple of 8?
False
Is 4000 a multiple of 32?
True
Does 10 divide 16151?
False
Is 1855 a multiple of 11?
False
Is 1086 a multiple of 7?
False
Is 75 a factor of 35400?
True
Does 6 divide 5200?
False
Is 34 a factor of 17438?
False
Is 144 a factor of 56880?
True
Is 1224 a multiple of 51?
True
Does 14 divide 75693?
False
Is 53 a factor of 17796?
False
Is 232 a multiple of 7?
False
Is 72 a factor of 15264?
True
Does 3 divide 1698?
True
Is 3360 a multiple of 8?
True
Is 6 a factor of 5249?
False
Is 50385 a multiple of 15?
True
Is 7420 a multiple of 7?
True
Is 19244 a multiple of 19?
False
Is 846 a multiple of 47?
True
Is 30 a factor of 12948?
False
Is 2841 a multiple of 34?
False
Is 2 a factor of 1392?
True
Is 7101 a multiple of 13?
False
Does 20 divide 553?
False
Is 5 a factor of 5040?
True
Is 10 a factor of 970?
True
Is 25 a factor of 1000?
True
Is 34255 a multiple of 34?
False
Is 38430 a multiple of 19?
False
Is 1050 a multiple of 10?
True
Is 6107 a multiple of 7?
False
Is 512 a multiple of 18?
False
Is 9761 a multiple of 16?
False
Is 430 a multiple of 8?
False
Is 1435 a multiple of 14?
False
Does 78 divide 8892?
True
Is 62 a factor of 2355?
False
Is 2268 a multiple of 126?
True
Is 756 a multiple of 4?
True
Is 5 a factor of 7634?
False
Does 26 divide 21970?
True
Is 15 a factor of 126790?
False
Does 13 divide 229?
False
Is 524 a multiple of 6?
False
Does 17 divide 3638?
True
Is 2124 a multiple of 12?
True
Is 578 a multiple of 24?
False
Is 13533 a multiple of 39?
True
Is 5 a factor of 406?
False
Does 17 divide 4896?
True
Is 8 a factor of 256?
True
Does 176 divide 6135?
False
Is 5 a factor of 3688?
False
Does 17 divide 45647?
False
Does 20 divide 1180?
True
Does 5 divide 21071?
False
Is 172 a factor of 11118?
False
Is 2196 a multiple of 36?
True
Is 53 a factor of 16613?
False
Is 41 a multiple of 2?
False
Is 6 a factor of 1168?
False
Is 374 a multiple of 13?
False
Is 81 a factor of 1215?
True
Is 14 a factor of 33080?
False
Is 48 a multiple of 12?
True
Is 1138 a multiple of 8?
False
Does 168 divide 23184?
True
Is 2767 a multiple of 52?
False
Is 810 a multiple of 18?
True
Does 10 divide 2820?
True
Is 309 a factor of 54693?
True
Is 15662 a multiple of 82?
True
Does 49 divide 454?
False
Is 33 a factor of 141?
False
Is 56981 a multiple of 126?
False
Does 49 divide 2989?
True
Is 16 a factor of 8400?
True
Is 1656 a multiple of 6?
True
Does 4 divide 5288?
True
Does 7 divide 877?
False
Is 8 a factor of 416?
True
Does 74 divide 3847?
False
Is 1100 a multiple of 11?
True
Is 4 a factor of 4958?
False
Is 363 a multiple of 33?
True
Does 85 divide 7565?
True
Is 13 a factor of 403?
True
Does 71 divide 213?
True
Is 968 a multiple of 15?
False
Is 2124 a multiple of 17?
False
Does 3 divide 40?
False
Is 16 a factor of 31805?
False
Is 1911 a multiple of 22?
False
Is 44 a factor of 21253?
False
Does 8 divide 7997?
False
Is 43 a factor of 16684?
True
Is 137 a factor of 7809?
True
Does 8 divide 304?
True
Does 12 divide 336?
True
Is 38 a factor of 3624?
False
Is 54 a factor of 199?
False
Is 15 a factor of 4949?
False
Is 26 a factor of 9542?
True
Does 33 divide 8448?
True
Is 3696 a multiple of 6?
True
Is 940 a multiple of 47?
True
Is 2912 a multiple of 65?
False
Is 17 a factor of 921?
False
Is 43 a factor of 4711?
False
Is 51 a factor of 50439?
True
Is 14 a factor of 6686?
False
Does 19 divide 10013?
True
Is 1080 a multiple of 27?
True
Is 281 a multiple of 2?
False
Is 88 a factor of 22651?
False
Is 11040 a multiple of 160?
True
Is 81 a factor of 7452?
True
Is 80 a factor of 27313?
False
Is 3 a factor of 729?
True
Is 4 a factor of 33?
False
Is 10 a factor of 749?
False
Does 10 divide 609?
False
Is 11474 a multiple of 22?
False
Is 41 a factor of 18181?
False
Is 10 a factor of 2788?
False
Does 67 divide 6901?
True
Is 40960 a multiple of 10?
True
Does 22 divide 1804?
True
Is 66 a factor of 84?
False
Does 132 divide 21375?
False
Is 36 a factor of 1163?
False
Is 8750 a multiple of 7?
True
Is 32 a factor of 3008?
True
Is 1560 a multiple of 65?
True
Is 33 a factor of 2607?
True
Is 729 a multiple of 81?
True
Does 6 divide 12078?
True
Is 17 a factor of 27191?
False
Is 13 a factor of 13?
True
Is 258 a factor of 47730?
True
Is 24534 a multiple of 5?
False
Is 17 a factor of 646?
True
Does 13 divide 65377?
True
Is 78 a factor of 13823?
False
Is 380 a multiple of 17?
False
Is 11 a factor of 19888?
True
Is 8140 a multiple of 220?
True
Is 50220 a multiple of 9?
True
Is 42 a factor of 1273?
False
Does 19 divide 4351?
True
Does 13 divide 6602?
False
Is 14 a factor of 476?
True
Is 199 a factor of 15830?
False
Is 10 a factor of 4783?
False
Is 4 a factor of 251?
False
Is 80020 a multiple of 10?
True
Does 18 divide 179?
False
Is 42369 a multiple of 56?
False
Is 8000 a multiple of 125?
True
Does 6 divide 561?
False
Is 45 a factor of 1697?
False
Is 2652 a multiple of 12?
True
Does 13 divide 1742?
True
Does 30 divide 11498?
False
Does 27 divide 46197?
True
Is 465 a multiple of 11?
False
Does 25 divide 20300?
True
Is 33 a factor of 99?
True
Does 5 divide 3617?
False
Does 80 divide 1314?
False
Is 20 a factor of 415?
False
Is 61 a factor of 6354?
False
Does 17 divide 152?
False
Is 4 a factor of 1084?
True
Does 24 divide 6768?
True
Does 112 divide 1344?
True
Does 24 divide 3499?
False
Is 3430 a multiple of 14?
True
Is 15 a factor of 197281?
False
Is 24863 a multiple of 73?
False
Is 11 a factor of 2425?
False
Does 3 divide 9947?
False
Is 31 a factor of 527?
True
Does 85 divide 2975?
True
Is 249 a multiple of 8?
False
Does 3 divide 612?
True
Is 18 a factor of 138980?
False
Is 66 a factor of 4495?
False
Does 59 divide 88736?
True
Is 6806 a multiple of 3?
False
Is 117 a factor of 9828?
True
Is 9 a factor of 288?
True
Does 5 divide 840?
True
Does 19 divide 41648?
True
Is 1386 a multiple of 14?
True
Is 2 a factor of 1197?
False
Is 50 a factor of 22197?
False
Is 1531 a multiple of 6?
False
Is 2456 a multiple of 13?
False
Is 9169 a multiple of 98?
False
Is 3 a factor of 909?
True
Is 15 a factor of 14431?
False
Does 17 divide 813?
False
Does 93 divide 1395?
True
Is 31 a factor of 219?
False
Is 4457 a multiple of 32?
False
Does 8 divide 7248?
True
Is 16 a factor of 1520?
True
Is 105317 a multiple of 23?
True
Does 46 divide 874?
True
Is 7 a factor of 495?
False
Is 20 a factor of 144?
False
Does 155 divide 41850?
True
Does 120 divide 29400?
True
Is 9 a factor of 58570?
False
Does 10 divide 386?
False
Does 2 divide 1821?
False
Is 10374 a multiple of 26?
True
Does 17 divide 119?
True
Does 55 divide 990?
True
Does 101 divide 6565?
True
Is 848 a multiple of 3?
False
Does 47 divide 67391?
False
Is 35824 a multiple of 40?
False
Does 17 divide 106369?
True
Is 24 a factor of 14664?
True
Is 324 a multiple of 63?
False
Does 4 divide 765?
False
Is 16 a factor of 4648?
False
Is 16 a factor of 61?
False
Does 3 divide 9?
True
Is 21 a factor of 1338?
False
Is 171 a factor of 27012?
False
Is 30 a factor of 720?
True
Is 1053 a multiple of 17?
False
Is 6298 a multiple of 16?
False
Does 7 divide 178?
False
Is 9 a factor of 2394?
True
Is 7421 a multiple of 9?
False
Is 1836 a multiple of 15?
False
Is 3387 a multiple of 24?
False
Does 7 divide 644?
True
Is 29988 a multiple of 12?
True
Is 54 a factor 